INSERT INTO Bibliotheque.Tarifs VALUES(0,0);
INSERT INTO Bibliotheque.Tarifs VALUES(1,5);
INSERT INTO Bibliotheque.Tarifs VALUES(2,10);
INSERT INTO Bibliotheque.Tarifs VALUES(3,14);
INSERT INTO Bibliotheque.Tarifs VALUES(4,17);
INSERT INTO Bibliotheque.Tarifs VALUES(5,19);
INSERT INTO Bibliotheque.Tarifs VALUES(6,20);
INSERT INTO Bibliotheque.Adherents VALUES(DEFAULT,'Duchemin','Albert',3);
INSERT INTO Bibliotheque.Adherents VALUES(DEFAULT,'Lelong','Berthe',2);
INSERT INTO Bibliotheque.Adherents VALUES(DEFAULT,'Duchemin','Roger',5);
INSERT INTO Bibliotheque.Adherents VALUES(DEFAULT,'Duchemin','Mathilde',3);
INSERT INTO Bibliotheque.Adherents VALUES(DEFAULT,'Revenu','Andre',1);
INSERT INTO Bibliotheque.Adherents VALUES(DEFAULT,'Revenu','Charles',4);
INSERT INTO Bibliotheque.Adherents VALUES(DEFAULT,'Revenu','Simone',0);
INSERT INTO Bibliotheque.Oeuvres 
  VALUES('0-201-52983_1','LaTeX','Addison-Wesley','Leslie Lamport');
INSERT INTO Bibliotheque.Oeuvres 
  VALUES('0399-4198','Fiabilite des systemes','Eyrolles','A. Pages, M. Gondran');
INSERT INTO Bibliotheque.Oeuvres 
  VALUES('2-7117-4838-3','Bases de donnees','Vuibert','Chris Date');
INSERT INTO Bibliotheque.Oeuvres 
  VALUES('0-201-44124-1','Automata Theory','Addison-Wesley','Hopcroft, Motwani, Ullman');
INSERT INTO Bibliotheque.Oeuvres 
  VALUES('0-262-03270-8','Model Checking','MIT Press','Clarke, Grumberg, Peled');
INSERT INTO Bibliotheque.Livres VALUES(DEFAULT,'0-201-52983_1','12-04-2005');
INSERT INTO Bibliotheque.Livres VALUES(DEFAULT,'0399-4198','12-04-2005');
INSERT INTO Bibliotheque.Livres VALUES(DEFAULT,'2-7117-4838-3','12-04-2005');
INSERT INTO Bibliotheque.Livres VALUES(DEFAULT,'0-201-44124-1','12-04-2005');
INSERT INTO Bibliotheque.Livres VALUES(DEFAULT,'0-262-03270-8','12-04-2005');
INSERT INTO Bibliotheque.Livres VALUES(DEFAULT,'0-201-52983_1','10-05-2006');
INSERT INTO Bibliotheque.Livres VALUES(DEFAULT,'0399-4198','10-05-2006');
INSERT INTO Bibliotheque.Livres VALUES(DEFAULT,'2-7117-4838-3','10-05-2006');
INSERT INTO Bibliotheque.Livres VALUES(DEFAULT,'0-201-44124-1','10-05-2006');
INSERT INTO Bibliotheque.Livres VALUES(DEFAULT,'0-262-03270-8','10-05-2006');
INSERT INTO Bibliotheque.Livres VALUES(DEFAULT,'0-201-52983_1','08-05-2007');
INSERT INTO Bibliotheque.Livres VALUES(DEFAULT,'2-7117-4838-3','08-05-2007');
INSERT INTO Bibliotheque.Livres VALUES(DEFAULT,'0-262-03270-8','08-05-2007');
INSERT INTO Bibliotheque.Emprunts VALUES(1,'13-04-2005','26-04-2005',1);
INSERT INTO Bibliotheque.Emprunts VALUES(3,'13-04-2005','1-02-2006',1);
INSERT INTO Bibliotheque.Emprunts VALUES(8,'17-09-2007',DEFAULT,2);
INSERT INTO Bibliotheque.Emprunts VALUES(4,'17-09-2007','25-09-2007',2);
INSERT INTO Bibliotheque.Emprunts VALUES(12,'23-09-2010',DEFAULT,3);
-- Erreur car deux prets simultanes pour un livre
INSERT INTO Bibliotheque.Emprunts VALUES(4,'20-09-2007',DEFAULT,1);
-- Erreur car date d'emprunt anterieure a la date d'achat
INSERT INTO Bibliotheque.Emprunts VALUES(3,'13-04-1990','14-04-1990',4);
-- Erreur car le nombre de pret autorises est depasse
INSERT INTO Bibliotheque.Emprunts VALUES(9,'21-09-2007',DEFAULT,2);
